ine b(2).
0
Let h(v) = v**3 - 7*v**2 + 7*v - 4. What is h(6)?
2
Let l(z) = -7*z - 6. What is l(4)?
-34
Let i(a) = -a**2 - 9*a + 12. Determine i(-8).
20
Let t(n) = -11*n**3 + 2*n**2 + 3*n + 1. What is t(-1)?
11
Let u(q) = -q - 13. Determine u(9).
-22
Let r(p) = -p**3 - 17*p**2 - 73*p + 8. What is r(-7)?
29
Let s(k) = -k**3 + 14*k**2 + 14*k + 5. What is s(15)?
-10
Let f(o) = o**2 + 25*o + 18. What is f(-24)?
-6
Let j(n) = 11*n**3 + n**2 - n - 1. Calculate j(1).
10
Let u(d) = d. Calculate u(7).
7
Let r(n) = n**2 + 7*n - 39. Give r(-11).
5
Let n(o) = -26*o**2 - o. Calculate n(1).
-27
Let l(k) = k**3 - 24*k**2 - 7. Calculate l(24).
-7
Let v(f) = 2*f + 4. Determine v(9).
22
Let y(s) = s**3 - s**2 - s - 5. Determine y(0).
-5
Let a(q) = 4*q**2 + 16*q + 50. Determine a(-7).
134
Let x(v) = -v**3 - 8*v**2 - 5*v - 4. Determine x(-7).
-18
Let p(h) = -h**3 - h**2 - 47. Give p(0).
-47
Let u(v) = -3*v**2 + 8*v - 4. Calculate u(3).
-7
Let t(n) = -6*n**3 - n**2 + 2*n - 1. What is t(-3)?
146
Let s(u) = -13*u**3 + u**2 + u + 1. Calculate s(-1).
14
Let h(f) = -f**3 + 5*f**2 + 9*f - 6. Determine h(6).
12
Let w(a) = -2*a**3 + 46*a**2 - 31*a - 292. What is w(22)?
-6
Let w(y) = 5*y**2 - 45*y + 2. Determine w(9).
2
Let c(l) = -67*l + 676. Determine c(10).
6
Let i(a) = -a**3 + 8*a**2 - 15*a + 11. Give i(6).
-7
Let f(u) = 69*u - 477. Calculate f(7).
6
Let f(x) = -x**3 + 7*x**2 + 7*x + 10. What is f(8)?
2
Let g(f) = 6*f - 56. Determine g(11).
10
Let z(u) = u - 1. What is z(-9)?
-10
Let f(p) = -3*p - 49. Determine f(-18).
5
Let j(p) = 28*p**3 + 3*p + 2. Calculate j(-1).
-29
Let z(r) = r**3 - 11*r**2 - r + 13. Determine z(11).
2
Let p(x) = x**2 - 5*x - 6. Calculate p(6).
0
Let q(c) = 8*c + 126. Calculate q(-17).
-10
Let n(x) = -x**3 + 9*x**2 - 8*x - 11. What is n(8)?
-11
Let u(t) = t**2 + 11*t + 27. Give u(-8).
3
Let r(h) = -h**2 + 5*h + 21. Give r(10).
-29
Let f(r) = 2*r**2 - 14*r - 5. Give f(10).
55
Let p(x) = 3*x**2 + 54*x + 4. Calculate p(-17).
-47
Let q(h) = -2*h**2 - 10*h + 1. Give q(-5).
1
Let h(b) = -7*b + 4. Give h(2).
-10
Let o(k) = k**3 - 19*k**2 + 15*k + 56. Determine o(18).
2
Let n(a) = 13*a + 1. Determine n(4).
53
Let a(l) = 2*l + 2. Calculate a(-4).
-6
Let k(m) = m**3 - 24*m**2 + 45*m - 26. Calculate k(22).
-4
Let n(i) = i**3 + 3*i**2 - 2. Give n(1).
2
Let v(c) = -c**3 + 13*c**2 - c + 19. Determine v(13).
6
Let w(b) = -b**3 + 8*b**2 - 3*b - 35. Give w(7).
-7
Let y(a) = -a**2 + 18*a - 41. Determine y(3).
4
Let p(f) = -3*f**2 + 28*f - 50. Give p(7).
-1
Let y(q) = q - 31. Determine y(30).
-1
Let l(x) = -x - 23. Calculate l(-19).
-4
Let m(s) = -4*s**3 - 2*s**2 + s - 1. What is m(2)?
-39
Let l(c) = -2*c**2 + 30*c - 8. Give l(15).
-8
Let x(f) = -f**3 - 7*f**2 - 4*f + 3. Determine x(-5).
-27
Let g(z) = -z**3 - 12*z**2 - 13*z - 14. Give g(-11).
8
Let k(u) = u**3 - 8*u**2 - 8*u - 7. Calculate k(9).
2
Let w(n) = -n**2 + 4*n + 4. Determine w(4).
4
Let n(b) = -b - 9. Give n(-6).
-3
Let y(z) = -z**3 - 13*z**2 - 18*z - 2. What is y(-10)?
-122
Let z(b) = -10*b + 95. Determine z(10).
-5
Let y(z) = -z**3 - 54*z**2 - 48*z + 255. Give y(-53).
-10
Let c(f) = -3*f**2 + 6*f + 18. Determine c(3).
9
Let z(p) = 10*p - 11. What is z(0)?
-11
Let g(v) = v**2 - 3*v + 9. Determine g(6).
27
Let x(y) = y**3 - 3*y**2 - 3*y - 7. Determine x(5).
28
Let w(h) = h**3 - 6*h**2 - 9*h + 4. Determine w(7).
-10
Let w(f) = 6*f - 2. What is w(2)?
10
Let p(s) = -s**3 - 4*s**2 - 5*s - 1. Give p(-3).
5
Let o(c) = c**2 - 31*c + 132. Determine o(5).
2
Let h(b) = -b**3 + 14*b**2 - 17. Give h(14).
-17
Let u(a) = a**3 - 16*a**2. What is u(16)?
0
Let b(f) = f**3 + 9*f**2 - 6*f - 9. Give b(-9).
45
Let w(y) = y**2 + 6*y - 13. Calculate w(-12).
59
Let r(d) = 2*d**3 + 5*d**2 - 3*d + 2. Give r(-4).
-34
Let v(s) = 4*s**2 + 1. Calculate v(1).
5
Let r(n) = -5*n + 19. Give r(6).
-11
Let z(p) = -p + 2. Calculate z(9).
-7
Let n(w) = -3*w**2 + 3*w + 3. Give n(-2).
-15
Let s(t) = t**3 + 19*t**2 - 21*t - 27. What is s(-20)?
-7
Let s(w) = w**3 + 29*w**2 - 94*w + 78. Calculate s(-32).
14
Let h(j) = -61*j + 14. Calculate h(0).
14
Let z(v) = -6*v + 9. What is z(-5)?
39
Let y(b) = b**2 - 14*b + 27. What is y(12)?
3
Let l(p) = -p**2 + 9*p - 20. What is l(8)?
-12
Let g(c) = -c**2 - 5*c + 4. Calculate g(-8).
-20
Let f(w) = w**3 + 20*w**2 + 28*w + 178. What is f(-19)?
7
Let z(t) = t**2 - 39*t - 76. Calculate z(41).
6
Let r(i) = -i**2 - 10*i - 2. Calculate r(-10).
-2
Let k(x) = -2*x + 2. Determine k(-9).
20
Let t(u) = u**2 + 4*u - 5. Calculate t(2).
7
Let i(o) = -2*o + 142. Calculate i(43).
56
Let w(x) = -x**3 + 11*x**2 + 12*x - 4. Determine w(12).
-4
Let q(h) = 7*h**3 + 4*h**2 + 3*h - 1. Determine q(-2).
-47
Let o(q) = 2*q**2 + 13*q + 12. Give o(-6).
6
Let b(w) = 4*w + 10. What is b(-7)?
-18
Let i(c) = c**2 - 8*c. What is i(7)?
-7
Let d(o) = o + 2. Determine d(3).
5
Let c(v) = v**3 + 3*v**2 + v + 3. Determine c(-2).
5
Let b(r) = -r**2 + 8*r - 26. Determine b(4).
-10
Let n(d) = 159*d - 2391. What is n(15)?
-6
Let g(q) = 4*q + 2. Calculate g(-2).
-6
Let c(s) = 25*s**3 + 2*s**2. Determine c(1).
27
Let q(p) = -81*p - 326. Determine q(-4).
-2
Let z(k) = k**2 + 12. Determine z(0).
12
Let l(t) = -t**2 + 10*t - 33. What is l(7)?
-12
Let p(m) = m**2 - 15*m + 21. What is p(19)?
97
Let t(k) = 2*k - 32. Determine t(12).
-8
Let f(r) = r**3 + 7*r**2 - 7*r. Calculate f(1).
1
Let m(i) = i**2 + 10*i + 6. What is m(-8)?
-10
Let x(b) = -b**3 + b**2 - b + 1. Calculate x(0).
1
Let m(r) = -r**3 - 10*r**2 + 21*r - 50. Determine m(-12).
-14
Let a(n) = -n**3 + 4*n**2 + 2*n - 4. What is a(3)?
11
Let v(s) = s**3 - 14*s**2 + 12*s + 10. Calculate v(13).
-3
Let w(q) = -q**2 - 38*q - 4. What is w(0)?
-4
Let q(s) = s**2 + 6*s + 66. Determine q(-9).
93
Let z(l) = -l**3 - 5*l**2 + 4*l + 29. Calculate z(-5).
9
Let w(y) = -5*y + 25. Give w(9).
-20
Let f(r) = 2*r + 1. What is f(2)?
5
Let o(l) = 16*l + 124. Calculate o(-7).
12
Let u(v) = v - 40. Calculate u(0).
-40
Let p(h) = -h**3 + 10*h**2 + 9*h - 2. Calculate p(11).
-24
Let k(s) = -s**3 - 4*s**2 + 9*s + 9. Determine k(-6).
27
Let m(n) = -n**3 - 5*n**2 + 41*n + 36. What is m(-9)?
-9
Let c(i) = -i**3 - 15*i**2 + 17*i + 14. Give c(-16).
-2
Let p(h) = 94*h - 473. Calculate p(5).
-3
Let d(y) = -y**2 + 4*y - 28. Give d(0).
-28
Let n(i) = i**3 - 9*i**2 + 8*i + 2. Determine n(8).
2
Let l(p) = p**3 + 18*p**2 - 21*p - 40. What is l(-19)?
-2
Let r(y) = -14*y + 35. Determine r(-10).
175
Let d(q) = 7*q + 3. Give d(0).
3
Let h(k) = 14*k - 863. What is h(61)?
-9
Let q(u) = -u**2 + 4*u + 11. Determine q(-2).
-1
Let i(c) = -17*c**3 - 2*c**2 - 3*c + 6. What is i(-2)?
140
Let q(w) = w**3 - 9*w**2 + 9*w - 35. What is q(6)?
-89
Let q(n) = 3*n - 43. Give q(6).
-25
Let l(j) = -j**3 - 20*j**2 + 2. Give l(-20).
2
Let j(g) = -15*g - 56. Give j(-7).
49
Let l(u) = -u**3 - 4*u**2 - 3*u + 3. What is l(-4)?
15
Let k(w) = -18*w**3 + w + 1. What is k(-1)?
18
Let z(f) = -f**3 - 9*f**2 + 23*f + 26. Determine z(-11).
15
Let s(f) = 4*f + 17. What is s(-4)?
1
Let g(m) = 2*m**2 + 18*m + 29. What is g(-7)?
1
Let z(c) = 64*c - 330. What is z(5)?
-10
Let i(q) = 2*q**2 - q - 1. Calculate i(-1).
2
Let a(i) = 32*i**2 + 2*i - 1. Determine a(1).
33
Let a(k) = -31*k - 214. Give a(-7).
3
Let d(b) = -b**2 + 4*b + 26. Determine d(8).
-6
Let x(z) = z**3 - 12*z**2 + 8*z + 2. Determine x(11).
-31
Let z(u) = -u**2 + 12*u - 18. Calculate z(8).
14
Let l(x) = x**3 + 4*x**2 + 6*x + 6. Calculate l(-3).
-3
Let z(j) = 2*j**2 + 48*j - 368. Give z(6).
-8
Let z(t) = -6*t + 17. Calculate z(12).
-55
Let p(k) = k**2 - 29*k - 105. Calculate p(32).
-9
Let x(d) = -d**2 + 12. Give x(-3).
3
Let f(h) = -2*h + 19. Give f(-13).
45
Let i(c) = -c**2 - 21*c + 127. Determine i(-26).
-3
Let m(f) = 2*f**3 - 7*f**2 + 15*f - 3. Give m(4).
73
Let y(a) = a - 8. What is y(4)?
-4
Let b(m) = -3*m - 1. Give b(1).
-4
Let x(z) = -4*z - 26. Give x(-7).
2
Let x(p) = -p**2 - 8*p - 9. Determine x(-2).
3
Let c(j) = -2*j**2 + 36*j - 2. Determine c(18).
-2
Let i(s) = s**3 - 3*s**2 - 3*s + 7. Determine i(5).
42
Let x(o) = -2*o**2 - 6*o + 4. What is x(-5)?
-16
Let g(t) = -t**3 + 6*t**2 + 9*t - 6. Determine g(7).
8
Let j(m) = 3*m - 8. Calculate j(6).
10
Let j(c) = -c + 4. Give j(-4).
8
Let f(s) = 26*s**3 - 2*s**2 + s. What is f(1)?
25
Let b(k) = -k + 2. Calculate b(10).
-8
Let r(k) = -13*k + 45. Determine r(3).
6
